6 = 0. Is t a prime number?
True
Suppose 3*y + 2*i = -i - 12, -i = 0. Let k = -1 - y. Is (6 - 5)*67*k composite?
True
Suppose -161*l + 36171 = -158*l. Is l a prime number?
False
Let m be 5 + -2 + (-1162)/1. Let q = 2054 + m. Is q composite?
True
Is ((-120)/(-16) - 8)/(2/(-23172)) prime?
False
Let p = 1998 + -1209. Let z(h) = -h**3 - 3*h**2 - 3*h - 4. Let i be z(-3). Suppose 0 = i*o - 276 - p. Is o a prime number?
False
Suppose 3*p - 10989 = -6*p. Let c = p + -538. Is c composite?
False
Let h = 101875 - 27884. Is h prime?
False
Suppose 4*g + 3*d - 143597 = 0, -d - 179482 = -3*g - 2*g. Is g prime?
True
Is -4*(-6)/(-8) - (10 - 10055) composite?
True
Suppose 94*t + 672 = 92*t. Suppose 5*o - 2380 = o. Let a = t + o. Is a composite?
True
Suppose -10 = -7*z + 12*z. Is (1393 - -4) + 4 + z composite?
False
Suppose 4*l + 94 = 2*f - l, -29 = -f - 2*l. Let z = f - -1428. Is z composite?
True
Let w = 0 + 4. Let o be (-6)/(-9)*(2 + w). Suppose 5*v - 395 = o*v. Is v a composite number?
True
Suppose -5*r + 186942 = 5*c - 12593, 5*r - 5*c - 199575 = 0. Is r a composite number?
True
Let v(x) = 13*x**3 - 3*x**2 - 6*x + 9. Let k(n) = n**2 + n - 7*n**3 + 3*n - 4 - 4*n + 3*n. Let q(p) = 11*k(p) + 6*v(p). Is q(9) a composite number?
True
Let u(s) = -19*s - 7. Let y(g) = g. Let a(m) = -u(m) - 5*y(m). Let h be a(7). Let c = h + -70. Is c prime?
False
Is (-1)/2*32212/6*-3 a prime number?
True
Let t be (-1424)/40 + 2/(-5). Let b be 8/t - (-372)/(-27). Is (-6570)/b + (-2)/7 prime?
False
Let i(l) = l**3 - 11*l**2 - 16*l - 6. Let c(v) = 3*v**3 - 34*v**2 - 47*v - 17. Let x(o) = -3*c(o) + 8*i(o). Is x(12) a prime number?
False
Let p(s) = -3*s**2 - 12*s + 1. Let n(l) = l**2 + l + 1. Let u(i) = 4*n(i) + p(i). Let t be u(5). Let c = 31 + t. Is c a composite number?
True
Suppose 0*x + 28 = 3*b + 2*x, -3*b + 2*x + 8 = 0. Let i be (9/b)/((-2)/(-4)). Suppose 801 = 5*d - 4*j, 0*d + i*d - j = 482. Is d composite?
True
Suppose -n = -3*u + 11, -4*n = -u - 0*u. Let p be 141 + (n - 3/3). Suppose -4*h + 2*m - 6*m = -504, 0 = -h + 2*m + p. Is h a prime number?
True
Let l(n) = -n**3 - 3*n**2 - n + 9. Let f(w) = -w**2 + 4. Let y(h) = -5*f(h) + 2*l(h). Let j be y(-3). Let d = 82 - j. Is d composite?
True
Suppose 13*c + 957 = 16*c. Let t = 211 - c. Let m = t + 229. Is m prime?
False
Suppose -7*y = -1626 - 2245. Let c = y + -180. Is c composite?
False
Let a be (-1588 + 0)*(2 + 5/(-2)). Suppose 5*k - 3*k = a. Is k a prime number?
True
Let u(y) = -y - 10. Let t be u(-14). Is (-1 + 1 - -493) + t composite?
True
Let b(n) = 80*n**3 - 13 - 3*n + 28 - 14. Is b(2) prime?
False
Is 485997/21 + (-48)/(-168) prime?
True
Let l = 17754 + -2203. Is l a composite number?
False
Suppose 0 = 5*n + 4*f - 2, -3*n - 3*f - 16 = -8*n. Suppose n*q = -q + 3*m + 99, 2*q = 4*m + 58. Is q a composite number?
False
Suppose -13*f + 114976 = 19*f. Is f prime?
True
Suppose 6 = -5*d + 3*d. Is 3/d*-115 + 3 + 0 a composite number?
True
Suppose -v + 3 = 2*k - 5*k, 0 = -3*k - 3*v - 15. Let f = k - -79. Is f composite?
True
Is (-72)/(-84) + (-365990)/(-14) a composite number?
True
Let u(y) = 19*y**2 - 81*y - 17. Is u(40) a prime number?
True
Let j = -2692 + 7173. Is j composite?
False
Suppose s = -z - 330, z + 2*s + 0*s = -326. Let q = -200 - z. Is q a composite number?
True
Suppose -3*v - 2*v - 2*a + 1405 = 0, 2*a + 576 = 2*v. Suppose 1974 = t + v. Is t a prime number?
False
Let r(j) = -823*j + 11. Is r(-2) a composite number?
False
Let o = 64900 + -37098. Is o prime?
False
Let y = -8 + 11. Suppose -3*p = -3*k + 804, 539 = y*k - p - 263. Is k a prime number?
False
Suppose 0 = 2*g - 9*g + 10927. Is g a composite number?
True
Let j(u) = -98*u**3 + u**2 + u - 1. Let g be j(1). Let d = g + 730. Suppose 0 = 5*c - 4*q - 1337, q + d - 100 = 2*c. Is c a prime number?
False
Suppose 0 = o + a - 20602, 4*a + a - 61812 = -3*o. Is o a prime number?
True
Suppose -18*l - 17474 = -56876. Is l a composite number?
True
Let k(q) = 6*q**2 - 10*q - 15. Let z be k(-10). Suppose 6*u = u - z. Let l = u + 222. Is l a composite number?
True
Suppose 7079 = 4*h - 2661. Is h composite?
True
Let t be (10/2 - 11)/((-3)/5). Is (-39572)/(-20) + t/25 a prime number?
True
Let t(m) = -7*m**3 - 28*m**2 - 13*m + 7. Let f(p) = -3*p**3 - 14*p**2 - 6*p + 3. Let s(k) = -5*f(k) + 2*t(k). Is s(-6) composite?
False
Suppose 31919 = 3*j + 4*f, 2*j - 4*f + 5*f = 21286. Is j a composite number?
True
Is (4 - 8)/((-12)/228441) composite?
False
Is 8 - (24 + -7) - -27514 a prime number?
False
Let i(r) = -r**3 + 18*r**2 - 18*r + 35. Let j be i(17). Let u be (-1)/2*34/(-1). Let p = j + u. Is p a prime number?
False
Let h = 2570 + -1827. Is h a prime number?
True
Let i = 4 - -7. Suppose 26330 = 21*b - i*b. Is b composite?
False
Let z be (6 + 2968/35)*(3 + 2). Let w = 2152 + -944. Suppose -2*s + z = -4*y, 91 = -5*s + y + w. Is s composite?
False
Suppose 0 = 2*y + 4*i - 1446, 3*i - 3645 = -5*y - i. Suppose 0 = 4*l - 5*s - 1024, -3*l = 7*s - 2*s - y. Is l composite?
False
Let u be (85/10)/(-3 + 7/2). Suppose 5*w = u*w - 1524. Is w a composite number?
False
Let s(l) = -l + 15. Let j be s(15). Suppose j = -5*w + 15, 4*f = f - 3*w + 1122. Is f a prime number?
False
Suppose 2*y - 3 = -5*c, 3*c + 1 = -0*y - 4*y. Let j be (-1)/y - (-3 - -170). Let p = -119 - j. Is p a prime number?
True
Let w(d) = 4*d + 2. Let a be w(0). Suppose a*q - 8057 = -5*q. Is q a composite number?
False
Let u be ((-6)/4 + 0)*-2. Suppose u*v + 3 = 6*v. Is (-434)/v*3/(-6) a composite number?
True
Let u = 42757 - 25200. Is u a prime number?
False
Let k(r) = 220 + 224 + 52*r**2 - 459 - 9*r. Is k(-2) prime?
True
Let h = -79 + 1338. Is h composite?
False
Suppose 15*u - 23*u = -172248. Is u composite?
True
Let k(w) be the first derivative of -41*w**4 + w**3/3 - w**2 - w - 24. Is k(-2) composite?
False
Suppose -1756 = 16*q - 14*q. Let k be (-4)/(-10) + 3137/(-5). Let x = k - q. Is x composite?
False
Suppose 2*m - 23 = -0*m + 3*g, -m = 3*g + 11. Suppose 116 = 2*y + 2*b, -3*y + 4*y + m*b = 61. Is y prime?
False
Suppose 4*h + 5*o - 47 = 0, -o - 20 - 1 = -3*h. Let b be 4/28 - h/7. Is (-1*1)/(b/967) prime?
True
Let u be 0/((-2 + 4)/1). Suppose -2*g + 4*x + 308 = u, -4 - 1 = -5*x. Suppose 3*m = -3*d + g, -38 = -5*m - 3*d + 212. Is m prime?
True
Let s be 153/(-6)*(-12)/18. Let n(i) = 51*i + 4. Is n(s) a prime number?
False
Let t be (((-9)/(-2))/(-3))/((-21)/24668). Let s = t - 1221. Is s a prime number?
True
Let m(l) = -9798*l + 529. Is m(-3) prime?
False
Let l = -744 + 2453. Is l a composite number?
False
Let j = -30 + 32. Is (-1565)/(-4) - j/8 a composite number?
True
Suppose p - 4*u = 18, 0 = -p - 2*u - 3*u - 18. Suppose 3*l + 1 = -o - 2, -7 = -o + p*l. Let s(i) = 64*i - 1. Is s(o) a prime number?
True
Is 986818/38 + -16 + 4284/266 a prime number?
True
Let l be 13 - (-1 + -3) - -1. Let j = l + -18. Suppose y + 0*y - 149 = j. Is y a composite number?
False
Suppose a = -5*w + 9, 2*w + 3*a = w - 1. Suppose -m - 990 = -w*m. Let l = -659 + m. Is l a prime number?
True
Let d(n) = n + 1291. Let w(b) = -b**3 - 4*b**2 - 2*b + 3. Let s be w(-3). Is d(s) prime?
True
Suppose 0 = -v + 3, 2*n = -2*v - v + 9391. Is n a prime number?
True
Let l(c) = -4945*c - 19. Is l(-2) a composite number?
False
Let m = -307 + 51. Let z = m + 797. Is z composite?
False
Let z(l) = -3*l - 31. Let n(r) = -3*r - 32. Let d(f) = 4*n(f) - 5*z(f). Is d(8) a composite number?
True
Let u = -4 - -8. Let o = u + 0. Suppose -x + 15 = c, -o*c + 45 = c - x. Is c a composite number?
True
Suppose 2*x = 4*w - 43386, -2*w - x + 10848 = -w. Is w composite?
False
Suppose -130*q = -131*q - 6. Suppose -3 - 3 = 2*d, 25 = 4*w + 5*d. Is 4/(1 + q/w) a composite number?
True
Let j(t) = -2*t. Let p be j(-2). Suppose f + 2*w - p*w + 35 = 0, -4*w - 140 = 4*f. Let k = f - -61. Is k a composite number?
True
Let u(n) = 16*n**2 - 100*n - 45. Is u(19) prime?
False
Suppose 1163 = 3*y - 556. Let n(w) = w**3 - 8*w**2 + 2*w - 16. Let a be n(8). Suppose -3*f + a*f = -y. Is f a composite number?
False
Let k = 15263 - 9100. Is k composite?
False
Let j be 0/10*(-1)/3. Suppose -b + 8 = -4*o, b - 2*o = -j*o + 10. Suppose 17*q - 75 = b*q. Is q a composite number?
True
Suppose 3*t + 5 = -2*t - 3*q, -3*q - 15 = 0. Suppose -t*v - 938 = -4*v. Is v composite?
True
Suppose 18*k - 96023 = 183175. Is k a prime n